{"id":13377,"date":"2025-03-13T12:33:58","date_gmt":"2025-03-13T12:33:58","guid":{"rendered":"https:\/\/www.fundacioromea.com\/?post_type=activity&#038;p=13377"},"modified":"2025-03-25T12:19:55","modified_gmt":"2025-03-25T12:19:55","slug":"xxvii-gala-premios-de-la-critica","status":"publish","type":"activity","link":"https:\/\/www.fundacioromea.com\/es\/a\/xxvii-gala-premios-de-la-critica\/","title":{"rendered":"XXVII GALA PREMIOS DE LA CR\u00cdTICA"},"content":{"rendered":"","protected":false},"excerpt":{"rendered":"","protected":false},"author":7,"featured_media":13451,"comment_status":"closed","ping_status":"closed","template":"","meta":{"_acf_changed":false,"footnotes":""},"activity_year":[58],"activity_cat":[32],"class_list":["post-13377","activity","type-activity","status-publish","has-post-thumbnail","hentry","activity_year-58","activity_cat-pasadas"],"acf":[],"yoast_head":"<!-- This site is optimized with the Yoast SEO plugin v27.5 - https:\/\/yoast.com\/product\/yoast-seo-wordpress\/ -->\n<title>XXVII GALA PREMIOS DE LA CR\u00cdTICA - Fundaci\u00f3 Romea<\/title>\n<meta name=\"description\" content=\"Fundaci\u00f3 Romea presenta: XXVII GALA PREMIOS DE LA CR\u00cdTICA\" \/>\n<meta name=\"robots\" content=\"index, follow, max-snippet:-1, max-image-preview:large, max-video-preview:-1\" \/>\n<link rel=\"canonical\" href=\"https:\/\/www.fundacioromea.com\/es\/a\/xxvii-gala-premios-de-la-critica\/\" \/>\n<meta property=\"og:locale\" content=\"es_ES\" \/>\n<meta property=\"og:type\" content=\"article\" \/>\n<meta property=\"og:title\" content=\"XXVII GALA PREMIOS DE LA CR\u00cdTICA - Fundaci\u00f3 Romea\" \/>\n<meta property=\"og:description\" content=\"Fundaci\u00f3 Romea presenta: XXVII GALA PREMIOS DE LA CR\u00cdTICA\" \/>\n<meta property=\"og:url\" content=\"https:\/\/www.fundacioromea.com\/es\/a\/xxvii-gala-premios-de-la-critica\/\" \/>\n<meta property=\"og:site_name\" content=\"Fundaci\u00f3 Romea\" \/>\n<meta property=\"article:modified_time\" content=\"2025-03-25T12:19:55+00:00\" \/>\n<meta property=\"og:image\" content=\"https:\/\/www.fundacioromea.com\/wp-content\/uploads\/2025\/03\/premiscritica_2024-_ESP.jpg\" \/>\n\t<meta property=\"og:image:width\" content=\"1560\" \/>\n\t<meta property=\"og:image:height\" content=\"972\" \/>\n\t<meta property=\"og:image:type\" content=\"image\/jpeg\" \/>\n<meta name=\"twitter:card\" content=\"summary_large_image\" \/>\n<meta name=\"twitter:label1\" content=\"Tiempo de lectura\" \/>\n\t<meta name=\"twitter:data1\" content=\"3 minutos\" \/>\n<script type=\"application\/ld+json\" class=\"yoast-schema-graph\">{\"@context\":\"https:\\\/\\\/schema.org\",\"@graph\":[{\"@type\":\"WebPage\",\"@id\":\"https:\\\/\\\/www.fundacioromea.com\\\/es\\\/a\\\/xxvii-gala-premios-de-la-critica\\\/\",\"url\":\"https:\\\/\\\/www.fundacioromea.com\\\/es\\\/a\\\/xxvii-gala-premios-de-la-critica\\\/\",\"name\":\"XXVII GALA PREMIOS DE LA CR\u00cdTICA - Fundaci\u00f3 Romea\",\"isPartOf\":{\"@id\":\"https:\\\/\\\/www.fundacioromea.com\\\/es\\\/#website\"},\"primaryImageOfPage\":{\"@id\":\"https:\\\/\\\/www.fundacioromea.com\\\/es\\\/a\\\/xxvii-gala-premios-de-la-critica\\\/#primaryimage\"},\"image\":{\"@id\":\"https:\\\/\\\/www.fundacioromea.com\\\/es\\\/a\\\/xxvii-gala-premios-de-la-critica\\\/#primaryimage\"},\"thumbnailUrl\":\"https:\\\/\\\/www.fundacioromea.com\\\/wp-content\\\/uploads\\\/2025\\\/03\\\/premiscritica_2024-_ESP.jpg\",\"datePublished\":\"2025-03-13T12:33:58+00:00\",\"dateModified\":\"2025-03-25T12:19:55+00:00\",\"description\":\"Fundaci\u00f3 Romea presenta: XXVII GALA PREMIOS DE LA CR\u00cdTICA\",\"breadcrumb\":{\"@id\":\"https:\\\/\\\/www.fundacioromea.com\\\/es\\\/a\\\/xxvii-gala-premios-de-la-critica\\\/#breadcrumb\"},\"inLanguage\":\"es\",\"potentialAction\":[{\"@type\":\"ReadAction\",\"target\":[\"https:\\\/\\\/www.fundacioromea.com\\\/es\\\/a\\\/xxvii-gala-premios-de-la-critica\\\/\"]}]},{\"@type\":\"ImageObject\",\"inLanguage\":\"es\",\"@id\":\"https:\\\/\\\/www.fundacioromea.com\\\/es\\\/a\\\/xxvii-gala-premios-de-la-critica\\\/#primaryimage\",\"url\":\"https:\\\/\\\/www.fundacioromea.com\\\/wp-content\\\/uploads\\\/2025\\\/03\\\/premiscritica_2024-_ESP.jpg\",\"contentUrl\":\"https:\\\/\\\/www.fundacioromea.com\\\/wp-content\\\/uploads\\\/2025\\\/03\\\/premiscritica_2024-_ESP.jpg\",\"width\":1560,\"height\":972},{\"@type\":\"BreadcrumbList\",\"@id\":\"https:\\\/\\\/www.fundacioromea.com\\\/es\\\/a\\\/xxvii-gala-premios-de-la-critica\\\/#breadcrumb\",\"itemListElement\":[{\"@type\":\"ListItem\",\"position\":1,\"name\":\"Home\",\"item\":\"https:\\\/\\\/www.fundacioromea.com\\\/es\\\/\"},{\"@type\":\"ListItem\",\"position\":2,\"name\":\"Activities\",\"item\":\"https:\\\/\\\/www.fundacioromea.com\\\/es\\\/activity\\\/\"},{\"@type\":\"ListItem\",\"position\":3,\"name\":\"XXVII GALA PREMIOS DE LA CR\u00cdTICA\"}]},{\"@type\":\"WebSite\",\"@id\":\"https:\\\/\\\/www.fundacioromea.com\\\/es\\\/#website\",\"url\":\"https:\\\/\\\/www.fundacioromea.com\\\/es\\\/\",\"name\":\"Fundaci\u00f3 Romea\",\"description\":\"\",\"publisher\":{\"@id\":\"https:\\\/\\\/www.fundacioromea.com\\\/es\\\/#organization\"},\"potentialAction\":[{\"@type\":\"SearchAction\",\"target\":{\"@type\":\"EntryPoint\",\"urlTemplate\":\"https:\\\/\\\/www.fundacioromea.com\\\/es\\\/?s={search_term_string}\"},\"query-input\":{\"@type\":\"PropertyValueSpecification\",\"valueRequired\":true,\"valueName\":\"search_term_string\"}}],\"inLanguage\":\"es\"},{\"@type\":\"Organization\",\"@id\":\"https:\\\/\\\/www.fundacioromea.com\\\/es\\\/#organization\",\"name\":\"FUNDACI\u00d3 ROMEA PER A LES ARTS ESC\u00c8NIQUES\",\"url\":\"https:\\\/\\\/www.fundacioromea.com\\\/es\\\/\",\"logo\":{\"@type\":\"ImageObject\",\"inLanguage\":\"es\",\"@id\":\"https:\\\/\\\/www.fundacioromea.com\\\/es\\\/#\\\/schema\\\/logo\\\/image\\\/\",\"url\":\"https:\\\/\\\/www.fundacioromea.com\\\/wp-content\\\/uploads\\\/2019\\\/12\\\/logo-fundacio-romea_black.svg\",\"contentUrl\":\"https:\\\/\\\/www.fundacioromea.com\\\/wp-content\\\/uploads\\\/2019\\\/12\\\/logo-fundacio-romea_black.svg\",\"width\":1,\"height\":1,\"caption\":\"FUNDACI\u00d3 ROMEA PER A LES ARTS ESC\u00c8NIQUES\"},\"image\":{\"@id\":\"https:\\\/\\\/www.fundacioromea.com\\\/es\\\/#\\\/schema\\\/logo\\\/image\\\/\"}}]}<\/script>\n<!-- \/ Yoast SEO plugin. -->","yoast_head_json":{"title":"XXVII GALA PREMIOS DE LA CR\u00cdTICA - Fundaci\u00f3 Romea","description":"Fundaci\u00f3 Romea presenta: XXVII GALA PREMIOS DE LA CR\u00cdTICA","robots":{"index":"index","follow":"follow","max-snippet":"max-snippet:-1","max-image-preview":"max-image-preview:large","max-video-preview":"max-video-preview:-1"},"canonical":"https:\/\/www.fundacioromea.com\/es\/a\/xxvii-gala-premios-de-la-critica\/","og_locale":"es_ES","og_type":"article","og_title":"XXVII GALA PREMIOS DE LA CR\u00cdTICA - Fundaci\u00f3 Romea","og_description":"Fundaci\u00f3 Romea presenta: XXVII GALA PREMIOS DE LA CR\u00cdTICA","og_url":"https:\/\/www.fundacioromea.com\/es\/a\/xxvii-gala-premios-de-la-critica\/","og_site_name":"Fundaci\u00f3 Romea","article_modified_time":"2025-03-25T12:19:55+00:00","og_image":[{"width":1560,"height":972,"url":"https:\/\/www.fundacioromea.com\/wp-content\/uploads\/2025\/03\/premiscritica_2024-_ESP.jpg","type":"image\/jpeg"}],"twitter_card":"summary_large_image","twitter_misc":{"Tiempo de lectura":"3 minutos"},"schema":{"@context":"https:\/\/schema.org","@graph":[{"@type":"WebPage","@id":"https:\/\/www.fundacioromea.com\/es\/a\/xxvii-gala-premios-de-la-critica\/","url":"https:\/\/www.fundacioromea.com\/es\/a\/xxvii-gala-premios-de-la-critica\/","name":"XXVII GALA PREMIOS DE LA CR\u00cdTICA - Fundaci\u00f3 Romea","isPartOf":{"@id":"https:\/\/www.fundacioromea.com\/es\/#website"},"primaryImageOfPage":{"@id":"https:\/\/www.fundacioromea.com\/es\/a\/xxvii-gala-premios-de-la-critica\/#primaryimage"},"image":{"@id":"https:\/\/www.fundacioromea.com\/es\/a\/xxvii-gala-premios-de-la-critica\/#primaryimage"},"thumbnailUrl":"https:\/\/www.fundacioromea.com\/wp-content\/uploads\/2025\/03\/premiscritica_2024-_ESP.jpg","datePublished":"2025-03-13T12:33:58+00:00","dateModified":"2025-03-25T12:19:55+00:00","description":"Fundaci\u00f3 Romea presenta: XXVII GALA PREMIOS DE LA CR\u00cdTICA","breadcrumb":{"@id":"https:\/\/www.fundacioromea.com\/es\/a\/xxvii-gala-premios-de-la-critica\/#breadcrumb"},"inLanguage":"es","potentialAction":[{"@type":"ReadAction","target":["https:\/\/www.fundacioromea.com\/es\/a\/xxvii-gala-premios-de-la-critica\/"]}]},{"@type":"ImageObject","inLanguage":"es","@id":"https:\/\/www.fundacioromea.com\/es\/a\/xxvii-gala-premios-de-la-critica\/#primaryimage","url":"https:\/\/www.fundacioromea.com\/wp-content\/uploads\/2025\/03\/premiscritica_2024-_ESP.jpg","contentUrl":"https:\/\/www.fundacioromea.com\/wp-content\/uploads\/2025\/03\/premiscritica_2024-_ESP.jpg","width":1560,"height":972},{"@type":"BreadcrumbList","@id":"https:\/\/www.fundacioromea.com\/es\/a\/xxvii-gala-premios-de-la-critica\/#breadcrumb","itemListElement":[{"@type":"ListItem","position":1,"name":"Home","item":"https:\/\/www.fundacioromea.com\/es\/"},{"@type":"ListItem","position":2,"name":"Activities","item":"https:\/\/www.fundacioromea.com\/es\/activity\/"},{"@type":"ListItem","position":3,"name":"XXVII GALA PREMIOS DE LA CR\u00cdTICA"}]},{"@type":"WebSite","@id":"https:\/\/www.fundacioromea.com\/es\/#website","url":"https:\/\/www.fundacioromea.com\/es\/","name":"Fundaci\u00f3 Romea","description":"","publisher":{"@id":"https:\/\/www.fundacioromea.com\/es\/#organization"},"potentialAction":[{"@type":"SearchAction","target":{"@type":"EntryPoint","urlTemplate":"https:\/\/www.fundacioromea.com\/es\/?s={search_term_string}"},"query-input":{"@type":"PropertyValueSpecification","valueRequired":true,"valueName":"search_term_string"}}],"inLanguage":"es"},{"@type":"Organization","@id":"https:\/\/www.fundacioromea.com\/es\/#organization","name":"FUNDACI\u00d3 ROMEA PER A LES ARTS ESC\u00c8NIQUES","url":"https:\/\/www.fundacioromea.com\/es\/","logo":{"@type":"ImageObject","inLanguage":"es","@id":"https:\/\/www.fundacioromea.com\/es\/#\/schema\/logo\/image\/","url":"https:\/\/www.fundacioromea.com\/wp-content\/uploads\/2019\/12\/logo-fundacio-romea_black.svg","contentUrl":"https:\/\/www.fundacioromea.com\/wp-content\/uploads\/2019\/12\/logo-fundacio-romea_black.svg","width":1,"height":1,"caption":"FUNDACI\u00d3 ROMEA PER A LES ARTS ESC\u00c8NIQUES"},"image":{"@id":"https:\/\/www.fundacioromea.com\/es\/#\/schema\/logo\/image\/"}}]}},"_links":{"self":[{"href":"https:\/\/www.fundacioromea.com\/es\/wp-json\/wp\/v2\/activity\/13377","targetHints":{"allow":["GET"]}}],"collection":[{"href":"https:\/\/www.fundacioromea.com\/es\/wp-json\/wp\/v2\/activity"}],"about":[{"href":"https:\/\/www.fundacioromea.com\/es\/wp-json\/wp\/v2\/types\/activity"}],"author":[{"embeddable":true,"href":"https:\/\/www.fundacioromea.com\/es\/wp-json\/wp\/v2\/users\/7"}],"replies":[{"embeddable":true,"href":"https:\/\/www.fundacioromea.com\/es\/wp-json\/wp\/v2\/comments?post=13377"}],"version-history":[{"count":14,"href":"https:\/\/www.fundacioromea.com\/es\/wp-json\/wp\/v2\/activity\/13377\/revisions"}],"predecessor-version":[{"id":13559,"href":"https:\/\/www.fundacioromea.com\/es\/wp-json\/wp\/v2\/activity\/13377\/revisions\/13559"}],"wp:featuredmedia":[{"embeddable":true,"href":"https:\/\/www.fundacioromea.com\/es\/wp-json\/wp\/v2\/media\/13451"}],"wp:attachment":[{"href":"https:\/\/www.fundacioromea.com\/es\/wp-json\/wp\/v2\/media?parent=13377"}],"wp:term":[{"taxonomy":"activity_year","embeddable":true,"href":"https:\/\/www.fundacioromea.com\/es\/wp-json\/wp\/v2\/activity_year?post=13377"},{"taxonomy":"activity_cat","embeddable":true,"href":"https:\/\/www.fundacioromea.com\/es\/wp-json\/wp\/v2\/activity_cat?post=13377"}],"curies":[{"name":"wp","href":"https:\/\/api.w.org\/{rel}","templated":true}]}}

XXVII GALA PREMIOS DE LA CRÍTICA

<!-- This site is optimized with the Yoast SEO plugin v27.5 - https://yoast.com/product/yoast-seo-wordpress/ -->
<title>XXVII GALA PREMIOS DE LA CRÍTICA - Fundació Romea</title>
<meta name="description" content="Fundació Romea presenta: XXVII GALA PREMIOS DE LA CRÍTICA" />
<meta name="robots" content="index, follow, max-snippet:-1, max-image-preview:large, max-video-preview:-1" />
<link rel="canonical" href="https://www.fundacioromea.com/es/a/xxvii-gala-premios-de-la-critica/" />
<meta property="og:locale" content="es_ES" />
<meta property="og:type" content="article" />
<meta property="og:title" content="XXVII GALA PREMIOS DE LA CRÍTICA - Fundació Romea" />
<meta property="og:description" content="Fundació Romea presenta: XXVII GALA PREMIOS DE LA CRÍTICA" />
<meta property="og:url" content="https://www.fundacioromea.com/es/a/xxvii-gala-premios-de-la-critica/" />
<meta property="og:site_name" content="Fundació Romea" />
<meta property="article:modified_time" content="2025-03-25T12:19:55+00:00" />
<meta property="og:image" content="https://www.fundacioromea.com/wp-content/uploads/2025/03/premiscritica_2024-_ESP.jpg" />
	<meta property="og:image:width" content="1560" />
	<meta property="og:image:height" content="972" />
	<meta property="og:image:type" content="image/jpeg" />
<meta name="twitter:card" content="summary_large_image" />
<meta name="twitter:label1" content="Tiempo de lectura" />
	<meta name="twitter:data1" content="3 minutos" />
<script type="application/ld+json" class="yoast-schema-graph">{"@context":"https:\/\/schema.org","@graph":[{"@type":"WebPage","@id":"https:\/\/www.fundacioromea.com\/es\/a\/xxvii-gala-premios-de-la-critica\/","url":"https:\/\/www.fundacioromea.com\/es\/a\/xxvii-gala-premios-de-la-critica\/","name":"XXVII GALA PREMIOS DE LA CRÍTICA - Fundació Romea","isPartOf":{"@id":"https:\/\/www.fundacioromea.com\/es\/#website"},"primaryImageOfPage":{"@id":"https:\/\/www.fundacioromea.com\/es\/a\/xxvii-gala-premios-de-la-critica\/#primaryimage"},"image":{"@id":"https:\/\/www.fundacioromea.com\/es\/a\/xxvii-gala-premios-de-la-critica\/#primaryimage"},"thumbnailUrl":"https:\/\/www.fundacioromea.com\/wp-content\/uploads\/2025\/03\/premiscritica_2024-_ESP.jpg","datePublished":"2025-03-13T12:33:58+00:00","dateModified":"2025-03-25T12:19:55+00:00","description":"Fundació Romea presenta: XXVII GALA PREMIOS DE LA CRÍTICA","breadcrumb":{"@id":"https:\/\/www.fundacioromea.com\/es\/a\/xxvii-gala-premios-de-la-critica\/#breadcrumb"},"inLanguage":"es","potentialAction":[{"@type":"ReadAction","target":["https:\/\/www.fundacioromea.com\/es\/a\/xxvii-gala-premios-de-la-critica\/"]}]},{"@type":"ImageObject","inLanguage":"es","@id":"https:\/\/www.fundacioromea.com\/es\/a\/xxvii-gala-premios-de-la-critica\/#primaryimage","url":"https:\/\/www.fundacioromea.com\/wp-content\/uploads\/2025\/03\/premiscritica_2024-_ESP.jpg","contentUrl":"https:\/\/www.fundacioromea.com\/wp-content\/uploads\/2025\/03\/premiscritica_2024-_ESP.jpg","width":1560,"height":972},{"@type":"BreadcrumbList","@id":"https:\/\/www.fundacioromea.com\/es\/a\/xxvii-gala-premios-de-la-critica\/#breadcrumb","itemListElement":[{"@type":"ListItem","position":1,"name":"Home","item":"https:\/\/www.fundacioromea.com\/es\/"},{"@type":"ListItem","position":2,"name":"Activities","item":"https:\/\/www.fundacioromea.com\/es\/activity\/"},{"@type":"ListItem","position":3,"name":"XXVII GALA PREMIOS DE LA CRÍTICA"}]},{"@type":"WebSite","@id":"https:\/\/www.fundacioromea.com\/es\/#website","url":"https:\/\/www.fundacioromea.com\/es\/","name":"Fundació Romea","description":"","publisher":{"@id":"https:\/\/www.fundacioromea.com\/es\/#organization"},"potentialAction":[{"@type":"SearchAction","target":{"@type":"EntryPoint","urlTemplate":"https:\/\/www.fundacioromea.com\/es\/?s={search_term_string}"},"query-input":{"@type":"PropertyValueSpecification","valueRequired":true,"valueName":"search_term_string"}}],"inLanguage":"es"},{"@type":"Organization","@id":"https:\/\/www.fundacioromea.com\/es\/#organization","name":"FUNDACIÓ ROMEA PER A LES ARTS ESCÈNIQUES","url":"https:\/\/www.fundacioromea.com\/es\/","logo":{"@type":"ImageObject","inLanguage":"es","@id":"https:\/\/www.fundacioromea.com\/es\/#\/schema\/logo\/image\/","url":"https:\/\/www.fundacioromea.com\/wp-content\/uploads\/2019\/12\/logo-fundacio-romea_black.svg","contentUrl":"https:\/\/www.fundacioromea.com\/wp-content\/uploads\/2019\/12\/logo-fundacio-romea_black.svg","width":1,"height":1,"caption":"FUNDACIÓ ROMEA PER A LES ARTS ESCÈNIQUES"},"image":{"@id":"https:\/\/www.fundacioromea.com\/es\/#\/schema\/logo\/image\/"}}]}</script>
<!-- / Yoast SEO plugin. -->

XXVII GALA PREMIOS DE LA CRÍTICA - Fundació Romea

Fundació Romea presenta: XXVII GALA PREMIOS DE LA CRÍTICA

Fundació Romea

FUNDACIÓ ROMEA PER A LES ARTS ESCÈNIQUES
